02226.
2, 61, 313133
What are the prime factors of 700683582?
2, 3, 116780597
What are the prime factors of 71472116?
2, 67, 266687
What are the prime factors of 178554147?
3, 181, 328829
List the prime factors of 57582332.
2, 17, 43, 47, 419
List the prime factors of 216891713.
11161, 19433
What are the prime factors of 279031769?
73, 52361
List the prime factors of 152101942.
2, 76050971
What are the prime factors of 1352496794?
2, 11, 61477127
List the prime factors of 37101057.
3, 7, 1766717
What are the prime factors of 77701938?
2, 3, 59, 199, 1103
What are the prime factors of 1050423019?
163, 6444313
List the prime factors of 992729687.
67, 14816861
What are the prime factors of 980535661?
7, 140076523
What are the prime factors of 25465121?
11, 61, 37951
What are the prime factors of 9963978?
2, 3, 1660663
What are the prime factors of 34585727?
11, 3144157
What are the prime factors of 14613698?
2, 11, 19, 34961
What are the prime factors of 340704345?
3, 5, 22713623
List the prime factors of 75147625.
5, 7, 12269
List the prime factors of 5774933111.
557, 1283, 8081
What are the prime factors of 4929429237?
3, 1643143079
List the prime factors of 16235530.
2, 5, 1623553
What are the prime factors of 3468490474?
2, 4021, 431297
List the prime factors of 337900539.
3, 37, 733, 4153
What are the prime factors of 1171597103?
373, 3141011
What are the prime factors of 107317520?
2, 5, 1341469
What are the prime factors of 59795493?
3, 3037, 6563
List the prime factors of 45197000.
2, 5, 45197
List the prime factors of 403638939.
3, 11, 17, 21803
What are the prime factors of 1471382923?
691, 2129353
What are the prime factors of 181482829?
11, 79, 97, 2153
List the prime factors of 4201288959.
3, 7, 53, 449, 1201
What are the prime factors of 92500963?
23, 491, 8191
List the prime factors of 7735640892.
2, 3, 7, 92090963
What are the prime factors of 5100113531?
36821, 138511
What are the prime factors of 49970326?
2, 7, 31, 97, 1187
What are the prime factors of 101547840?
2, 3, 5, 139, 761
List the prime factors of 4815140568.
2, 3, 7, 59, 599, 811
What are the prime factors of 363466126?
2, 127, 1430969
What are the prime factors of 3600717334?
2, 17, 41, 2583011
List the prime factors of 11850121.
11850121
What are the prime factors of 666220158?
2, 3, 2617, 14143
List the prime factors of 109339236.
2, 3, 3037201
What are the prime factors of 3074955770?
2, 5, 307495577
What are the prime factors of 655692970?
2, 5, 23, 373, 7643
List the prime factors of 581140026.
2, 3, 137, 235661
List the prime factors of 128519072.
2, 11, 233, 1567
What are the prime factors of 189897151?
1669, 113779
What are the prime factors of 58077260?
2, 5, 31, 283, 331
What are the prime factors of 428158686?
2, 3, 71359781
List the prime factors of 66793251.
3, 7, 31, 37, 47, 59
What are the prime factors of 147709621?
147709621
What are the prime factors of 436830494?
2, 83, 2631509
What are the prime factors of 161495817?
3, 7, 109, 10079
List the prime factors of 638274056.
2, 7, 181, 62971
What are the prime factors of 276885285?
3, 5, 18459019
What are the prime factors of 347440132?
2, 13, 6681541
List the prime factors of 44119951.
44119951
List the prime factors of 11400175.
5, 456007
List the prime factors of 105049157.
19, 97, 56999
List the prime factors of 252967095.
3, 5, 5621491
List the prime factors of 1048986889.
37, 28350997
What are the prime factors of 64087295?
5, 12817459
List the prime factors of 2353095681.
3, 17, 46139131
What are the prime factors of 74816216?
2, 43, 217489
List the prime factors of 2333489001.
3, 863, 901309
What are the prime factors of 757121531?
29, 26107639
What are the prime factors of 137384459?
19, 7230761
List the prime factors of 4533505606.
2, 7, 13553, 23893
List the prime factors of 480372849.
3, 11, 29, 6197
What are the prime factors of 30833380?
2, 5, 29, 53161
What are the prime factors of 161816011?
7, 23116573
List the prime factors of 28282146.
2, 3, 19, 248089
What are the prime factors of 2133677904?
2, 3, 4051, 10973
What are the prime factors of 325098056?
2, 19, 2138803
What are the prime factors of 127555542?
2, 3, 1061, 6679
What are the prime factors of 45008372?
2, 173, 193, 337
List the prime factors of 32381652.
2, 3, 2698471
What are the prime factors of 26224917?
3, 8741639
What are the prime factors of 5544894952?
2, 71, 2411, 4049
List the prime factors of 1756247567.
109, 127, 293, 433
List the prime factors of 1447442348.
2, 11, 23, 1430279
What are the prime factors of 1694679537?
3, 23, 1067851
List the prime factors of 172986390.
2, 3, 5, 17, 113063
List the prime factors of 56082442.
2, 13, 2157017
List the prime factors of 838669050.
2, 3, 5, 113, 16493
List the prime factors of 816775960.
2, 5, 7, 11, 13, 20399
List the prime factors of 231332885.
5, 7, 19, 233, 1493
List the prime factors of 2468843682.
2, 3, 411473947
List the prime factors of 903492691.
903492691
List the prime factors of 584728035.
3, 5, 3169, 12301
What are the prime factors of 321604185?
3, 5, 7, 37, 82781
What are the prime factors of 54371717?
293, 185569
List the prime factors of 372724491.
3, 124241497
List the prime factors of 875792941.
875792941
What are the prime factors of 440834800?
2, 5, 7, 29, 61, 89
List the prime factors of 2404191460.
2, 5, 11, 10928143
What are the prime factors of 178803537?
3, 11, 5418289
List the prime factors of 482840903.
31, 101, 154213
What are the prime factors of 638675994?
2, 3, 11, 19, 46301
List the prime factors of 352118548.
2, 47, 1872971
List the prime factors of 286860042.
2, 3, 7, 347
List the prime factors of 224835658.
2, 112417829
What are the prime factors of 25353776?
2, 7, 73, 443
List the prime factors of 821265026.
2, 197, 347, 6007
List the prime factors of 37713881.
43, 47, 18661
List the prime factors of 18423291.
3, 17, 361241
What are the prime factors of 47084653?
7, 11, 743, 823
What are the prime factors of 274092703?
61, 1093, 4111
What are the prime factors of 351750856?
2, 149, 269, 1097
What are the prime factors of 1937408578?
2, 7, 37, 3740171
What are the prime factors of 21204619?
21204619
List the prime factors of 30779047.
13, 2367619
List the prime factors of 171437679.
3, 7, 1193, 2281
List the prime factors of 46516524.
2, 3, 1879, 2063
List the prime factors of 112242166.
2, 56121083
What are the prime factors of 83856777?
3, 29, 963871
What are the prime factors of 465699720?
2, 3, 5, 83, 46757
What are the prime factors of 1251521484?
2, 3, 7369, 14153
List the prime factors of 395585574.
2, 3, 37, 853, 2089
What are the prime factors of 3925756685?
5, 787, 997651
What are the prime factors of 971695839?
3, 59, 5489807
What are the prime factors of 73095666?
2, 3, 7, 1740373
What are the prime factors of 145451615?
5, 101, 288023
List the prime factors of 114304832.
2, 283, 6311
List the prime factors of 19338629.
19338629
List the prime factors of 948592820.
2, 5, 7, 6775663
What are the prime factors of 18906278?
2, 17, 556067
List the prime factors of 38445475.
5, 1537819
List the prime factors of 206889383.
43, 4811381
What are the prime factors of 3063007?
73, 41959
What are the prime factors of 1178286658?
2, 589143329
What are the prime factors of 2638783136?
2, 11, 7496543
What are the prime factors of 64561819?
7, 9223117
List the prime factors of 218804357.
218804357
What are the prime factors of 195326566?
2, 17, 5744899
What are the prime factors of 3047518249?
67, 499, 91153
What are the prime factors of 203544368?
2, 12721523
What are the prime factors of 579753635?
5, 17, 101, 67531
List the prime factors of 43702710.
2, 3, 5, 29, 191, 263
What are the prime factors of 36123923?
11, 3283993
What are the prime factors of 144724996?
2, 13, 2783173
What are the prime factors of 106330001?
106330001
List the prime factors of 7420223528.
2, 2383, 389227
What are the prime factors of 233451813?
3, 7, 1181, 9413
List the prime factors of 620605031.
191, 3249241
List the prime factors of 2051330392.
2, 83, 97, 31849
What are the prime factors of 171199423?
171199423
What are the prime factors of 545575145?
5, 109115029
What are the prime factors of 525163749?
3, 11, 2141, 7433
List the prime factors of 